*p + 13685 = 78*p. What is the hundreds digit of p?
8
Let o(w) = 2*w + 98. Let v(r) = 3*r - 22. Let y be v(10). What is the hundreds digit of o(y)?
1
Suppose -444 = 6*f - 1110. Let a = f + -60. What is the tens digit of a?
5
Let n be 40/18 + 6/(-27). Let s(p) = 6*p**3 + 3*p**2 + 2*p - 6. What is the units digit of s(n)?
8
Suppose -3*w = 3 - 9. What is the tens digit of (0 + 24/w)*(-62)/(-4)?
8
Suppose -5*z - 5 = -20. Suppose z*h - 12 = -0. Suppose h*g - 12 = -q - 3*q, q = 4*g + 8. What is the units digit of q?
4
What is the tens digit of (3 - (-57832)/28) + 12/21?
6
Suppose 0 = -12*m + 3*m - 18. What is the tens digit of m/(-3)*369/6?
4
Suppose -4*a - 62 - 94 = 0. Let c be (-520)/a*84/10. Let x = c + -63. What is the units digit of x?
9
Suppose -12 = n + n. Let s(b) = 2*b**2 - 13*b + 2. What is the tens digit of s(n)?
5
Let g(p) = p**3 - p - 1. Let b(u) = 6*u**3 + u**2 - 2*u - 3. Let a(f) = -b(f) + 5*g(f). What is the units digit of a(-5)?
3
Let c = 723 - -781. What is the hundreds digit of c?
5
Suppose -2*m + 1597 = 2*m + o, 3*o - 1998 = -5*m. What is the units digit of m?
9
Suppose f - 1840 = -4*v, 3*f + 0*f - 4*v - 5568 = 0. What is the units digit of f?
2
Let x(a) = 19*a**2 - a. Let y = -3 - -5. Suppose -7 = 5*z - y. What is the units digit of x(z)?
0
Let a(p) = -p**3 - p**2 + p - 2. Let g be a(-2). Let r be g/(6 + (-9)/3). Suppose 7*m - 2*m - 150 = r. What is the units digit of m?
0
Let s(f) = 3 - f - 3*f + 5*f. What is the tens digit of s(7)?
1
Let x = -1478 - -2122. What is the hundreds digit of x?
6
Let g(k) be the third derivative of -k**6/120 - k**5/5 - k**4/3 - 16*k**3/3 + 3*k**2. What is the tens digit of g(-13)?
4
Suppose -2*i + 2*b = -b - 16, -5*i + 29 = -2*b. Suppose 4*v - i*t = 255, 3*v - 130 = t + 53. What is the units digit of v?
0
Let r = -23 - -244. What is the hundreds digit of r?
2
Let u be (6/9)/(3/9). Suppose u*j + 15 - 67 = 0. What is the tens digit of j?
2
Let t(g) = g. Let v(z) = 4*z + 1. Let a(j) = -3*t(j) + v(j). Let n be a(0). What is the units digit of (5 + 0 - n) + 1?
5
Suppose -b + m + 97 = -0*m, -12 = 3*m. Suppose -5*g + 252 = -b. What is the tens digit of g?
6
Let x be 2 + -3 + 202 - -1. Suppose -3*k = 5*n - x, 3*k = k + 5*n + 118. What is the units digit of k?
4
Suppose -3*x + 3*l = -2*x + 8, -3*x - 2*l = -31. What is the units digit of x?
7
Suppose -5*b - 7301 = -4*f, 5*f + 0*b - 5*b = 9125. What is the units digit of f?
4
Suppose -4*s + 400 = h - 5*h, 2*s + 188 = -2*h. Suppose -2*r - 59 - 49 = 0. Let u = r - h. What is the tens digit of u?
4
Let o be -1 + 6 + (4 - 8). Suppose 17 = 4*s + o. What is the units digit of (-14)/(-56) - (-139)/s?
5
Let u(n) = 9*n - 59. Let y(k) = 6*k - 39. Let t(i) = -5*u(i) + 8*y(i). What is the units digit of t(8)?
7
Suppose -4*l = -8, 2*y + l = 6 - 0. Suppose -4*n = -y*a + 922, n + 210 = 2*a - 709. What is the units digit of a/15 - 2/(-5)?
1
Suppose 0*o = 4*o + 2*u - 2408, -3*u = o - 597. Suppose 957 = 6*h - o. What is the hundreds digit of h?
2
Let v(j) be the first derivative of -16*j**3/3 + j**2/2 + j + 6. Let w be v(-1). What is the tens digit of w*((-9)/(-4))/(-3)?
1
Let q(j) = 12*j - j**3 - 9*j**2 + 13*j + 8 - 39*j + 4*j. Let w(z) = 4*z + 4. Let x be w(-3). What is the tens digit of q(x)?
2
Let a(h) = -h**2 + 18*h - 46. Let b be a(14). What is the tens digit of b/5*62/4?
3
Suppose 4*u + 5*v = -0*v + 3063, 2*u = -3*v + 1533. What is the hundreds digit of u?
7
Let s = 7 - 7. Suppose 0 = 5*q - s*q - 110. What is the units digit of q?
2
Let n = 198 + -102. Let i = -57 + n. What is the tens digit of i?
3
Let u(y) = -22*y - 39. Let j(i) = -11*i - 20. Let z(n) = -11*j(n) + 6*u(n). What is the units digit of z(-6)?
2
Let k(a) be the third derivative of 11*a**2 - 1/6*a**3 + 1/120*a**6 + 0 + 0*a - 1/12*a**4 + 1/12*a**5. What is the units digit of k(-4)?
3
Let l be 835/1*48/30. Suppose -l = -2*j - 6*j. What is the hundreds digit of j?
1
Suppose p + h = -2*p - 20, 4*h + 2 = p. Let t be 4/(-6) - 220/p. Let l = t + -22. What is the tens digit of l?
1
Let c(r) = 29*r**2 + 3*r - 26. What is the units digit of c(5)?
4
Suppose -7*y = -4*y - 300. Suppose 2*w - w = 3*q - 155, -2*q = w - y. Suppose 27*c - 28*c = -q. What is the tens digit of c?
5
Suppose 4*v + 2*p - 54 = -0*p, 4*v - 3*p = 39. Suppose -z + v = k, -18 = z - 2*z - 3*k. Suppose h + 3 = z. What is the units digit of h?
6
Suppose -3*n + 2 + 3 = -l, 4*n - 25 = 5*l. Suppose -4*c = -4*k + 113 + 51, n = 4*k - 5*c - 162. What is the units digit of k?
3
Let n = 108 - -522. What is the units digit of n?
0
Let d = -11 + 10. Let c(t) = -10*t**2 - t - 1. Let r be c(d). What is the units digit of (r/(-3))/(12/18)?
5
Let l(x) = 4*x**2 - 13*x + 64. What is the hundreds digit of l(14)?
6
Let i(b) = -50*b**3 - 2*b - 1. Let m(l) = l**3 + 10*l**2 + 17*l + 7. Let t be m(-8). What is the units digit of i(t)?
1
Let j = 1344 - 675. What is the units digit of j?
9
Let y be 28/(-154) - (-1461)/(-11). What is the tens digit of (-2)/1*(-9)/6 - y?
3
Let x(a) be the third derivative of -a**6/120 + 3*a**5/20 + a**4/6 - a**3 + 44*a**2. What is the units digit of x(9)?
0
Let z = -229 - -771. Suppose z = -2*g - 2578. What is the tens digit of g/(-70) - 2/7?
2
Let d = 19 - 20. Let w(g) = g + 1. Let h(o) = -6*o**3 - 2*o**2 + 5*o - 1. Let y(f) = d*h(f) + 2*w(f). What is the tens digit of y(2)?
5
Suppose -28 = 7*y - 182. Let u = -22 + y. Suppose u = c + 4*q - 66, -6*c + 2*c + 230 = -q. What is the tens digit of c?
5
Suppose -4*u + 2*u + 12 = 2*h, 2*u + 9 = 5*h. Let c = u + 9. What is the tens digit of (108/(-14))/(c/(-56))?
3
Suppose -26*x = 4154 - 60834. What is the hundreds digit of x?
1
Let b be (-4 + (-8)/(-3))*(-6)/4. Suppose 0 = v - 1, b*u + 0*v = -5*v + 197. What is the tens digit of u?
9
Let v(i) = -4*i - 2. Let w be v(1). What is the tens digit of (-772)/(-20) + w/10?
3
Let q(p) = -7*p**2 + 28 - p + 3*p**2 - 26 - p**3. Let n be q(-4). Suppose b + 177 = 5*w, 5*w - n*b = -b + 185. What is the units digit of w?
5
Let x(y) = -458*y - 726. What is the tens digit of x(-9)?
9
Suppose 239*h - 246*h + 4011 = 0. What is the units digit of h?
3
Let b(h) = 87*h**2 - 55*h + 213. What is the hundreds digit of b(4)?
3
Let v be ((-20)/(-12))/1*6. What is the tens digit of (-2352)/(-120) + (-6)/v?
1
Suppose 2*p + 4*z - 683 = 599, 4*p - 3*z - 2608 = 0. What is the tens digit of p?
4
Let m(b) = -b**2 - 6*b + 3. Let o be m(-5). Let n = 68 - o. What is the tens digit of n?
6
Suppose 0*u - 4 = -u. Suppose 4*g - 84 = 2*l - 0*l, u*l - 85 = -3*g. What is the tens digit of g?
2
Let b be 8*1*4/8. Suppose o - 2 = -4*s + 3*o, 0 = -b*s - 3*o + 27. Suppose -5*l = s*i - 24, -2*i + i = 2*l - 10. What is the units digit of l?
6
Let v(a) = 4*a - 26. Let h = 49 - 38. What is the units digit of v(h)?
8
Suppose 2*k + 29 = -k + 2*w, -4*k = -5*w + 34. Let z = k - -9. What is the units digit of (-3 + -15)*z - -1?
7
Suppose 4*d - 2*d = 216. Suppose -d = -4*y + q, -4*y + 6*y - 54 = 3*q. What is the units digit of y?
7
Let y = 42 - 17. Let s = y - -62. What is the tens digit of s?
8
Let x(q) = -51*q**3 - 3*q**2 - 33*q + 5. What is the hundreds digit of x(-4)?
3
Suppose -4*u + 386 - 86 = 0. Suppose u*q = 79*q - 976. What is the units digit of q?
4
Suppose -b + 5445 = 3*i - 3594, -4*i = 4*b - 12060. What is the units digit of i?
2
Let z = 253 - 133. Suppose -3*k - 5*d = -25, -2*k - 3*d = -7*d - 2. Suppose k*u - u = z. What is the tens digit of u?
3
Let x = 1 - -1. Suppose -x = g - 0. What is the tens digit of (4 + -5)/(g/38)?
1
Let w = 2421 + -1264. What is the thousands digit of w?
1
Suppose -29*h + 86*h = 33288. What is the units digit of h?
4
Let w(a) = 3*a**2 + 3*a - 10. Let m be w(8). Suppose -r - 3*u + m + 32 = 0, 2*r - 440 = 3*u. What is the units digit of r?
6
Let o(g) = 5*g - 19. Let u(l) = l + 1. Let k(m) = o(m) + 3*u(m). What is the tens digit of k(16)?
1
Suppose -2*s + 1691 = -265. What is the hundreds digit of s?
9
Suppose 0*p = -20*p + 20340. What is the hundreds digit of p?
0
Suppose 4*o = -5*g - 2, 2*o = -5*g + 1 - 7. Suppose 3*f + t = -0*t - 15, -f = o*t. What is the tens digit of (-363)/(-18) + 1/f?
2
Let h = -111 + 695. What is the hundreds digit of h?
5
What is the hundreds digit of (1 - (-5 - 223)) + 4/(-1)?
2
Let v(d) = 9*d - 3. Suppose -4*t - 1 = -17. Suppose -8*f + t*f + 2